{"id":3557,"date":"2023-06-18T11:24:17","date_gmt":"2023-06-18T09:24:17","guid":{"rendered":"https:\/\/b29neu.de\/?post_type=aktuelles&#038;p=3557"},"modified":"2023-06-19T10:17:04","modified_gmt":"2023-06-19T08:17:04","slug":"informelle-beteiligung","status":"publish","type":"aktuelles","link":"https:\/\/b29neu.de\/?aktuelles=informelle-beteiligung","title":{"rendered":"Informelle Beteiligung"},"content":{"rendered":"\t\t<div data-elementor-type=\"wp-post\" data-elementor-id=\"3557\" class=\"elementor elementor-3557\" data-elementor-post-type=\"aktuelles\">\n\t\t\t\t\t\t<section class=\"elementor-section elementor-top-section elementor-element elementor-element-109a3f8a elementor-section-boxed elementor-section-height-default elementor-section-height-default\" data-id=\"109a3f8a\" data-element_type=\"section\" data-e-type=\"section\">\n\t\t\t\t\t\t<div class=\"elementor-container elementor-column-gap-default\">\n\t\t\t\t\t<div class=\"elementor-column elementor-col-100 elementor-top-column elementor-element elementor-element-61039f3a\" data-id=\"61039f3a\" data-element_type=\"column\" data-e-type=\"column\">\n\t\t\t<div class=\"elementor-widget-wrap elementor-element-populated\">\n\t\t\t\t\t\t<div class=\"elementor-element elementor-element-176df4bf elementor-widget elementor-widget-text-editor\" data-id=\"176df4bf\" data-element_type=\"widget\" data-e-type=\"widget\" data-widget_type=\"text-editor.default\">\n\t\t\t\t<div class=\"elementor-widget-container\">\n\t\t\t\t\t\t\t\t\t<p><\/p>\n<p>Bei der momentanen Planungsphase der B29 neu handelt es sich um das Linienbestimmungsverfahren. Dieses beinhaltet u.a. die Pr\u00fcfung der Umweltvertr\u00e4glichkeit des Vorhabens in einer fr\u00fchen Phase. Der Tr\u00e4ger des Vorhabens gibt den nach \u00a7 15 Abs. 3 des Gesetzes \u00fcber die Umweltvertr\u00e4glichkeitspr\u00fcfung (UVPG) zu beteiligenden Beh\u00f6rden, Gemeinden und Umweltvereinigungen sowie sonstigen Dritten Gelegenheit zu einer gemeinsamen Besprechung \u00fcber Art und Umfang der Unterlagen, die sich auf Gegenstand, Umfang und Methoden der Umweltvertr\u00e4glichkeitspr\u00fcfung erstrecken sollen (Scoping-Termin). Im Rahmen dieses Termins k\u00f6nnen auch sonstige f\u00fcr die Durchf\u00fchrung der Umweltvertr\u00e4glichkeitspr\u00fcfung erhebliche Fragen besprochen werden. Der Scoping-Bericht und die dazugeh\u00f6rigen Unterlagen, die einen ersten Vorschlag auf Basis der geltenden Gesetzeslage darstellen, k\u00f6nnen nachstehend heruntergeladen werden.<br \/>Bisher wurde noch keine konkreten Trassenf\u00fchrungen der B29 neu festgelegt. Auch im Rahmen des Scoping-Termins werden keine Varianten oder Trassen diskutiert. Es geht lediglich um die Abstimmung von Methoden und Umfang der Umweltvertr\u00e4glichkeitspr\u00fcfung.<\/p>\n<p>Die Scoping-Unterlagen k\u00f6nnen Sie <strong><a href=\"https:\/\/b29neu.de\/planung\/scoping-Termin\">hier herunterladen<\/a><\/strong>.<\/p>\n<p><\/p>\t\t\t\t\t\t\t\t<\/div>\n\t\t\t\t<\/div>\n\t\t\t\t\t<\/div>\n\t\t<\/div>\n\t\t\t\t\t<\/div>\n\t\t<\/section>\n\t\t\t\t<\/div>\n\t\t","protected":false},"featured_media":0,"parent":0,"menu_order":0,"template":"","categories":[12],"tags":[],"class_list":["post-3557","aktuelles","type-aktuelles","status-publish","hentry","category-aktuelles"],"acf":[],"yoast_head":"<!-- This site is optimized with the Yoast SEO plugin v27.1.1 - https:\/\/yoast.com\/product\/yoast-seo-wordpress\/ -->\n<title>Informelle Beteiligung - B29 NEU<\/title>\n<meta name=\"robots\" content=\"index, follow, max-snippet:-1, max-image-preview:large, max-video-preview:-1\" \/>\n<link rel=\"canonical\" href=\"https:\/\/b29neu.de\/?aktuelles=informelle-beteiligung\" \/>\n<meta property=\"og:locale\" content=\"de_DE\" \/>\n<meta property=\"og:type\" content=\"article\" \/>\n<meta property=\"og:title\" content=\"Informelle Beteiligung - B29 NEU\" \/>\n<meta property=\"og:description\" content=\"Bei der momentanen Planungsphase der B29 neu handelt es sich um das Linienbestimmungsverfahren. Dieses beinhaltet u.a. die Pr\u00fcfung der Umweltvertr\u00e4glichkeit des Vorhabens in einer fr\u00fchen Phase. Der Tr\u00e4ger des Vorhabens gibt den nach \u00a7 15 Abs. 3 des Gesetzes \u00fcber die Umweltvertr\u00e4glichkeitspr\u00fcfung (UVPG) zu beteiligenden Beh\u00f6rden, Gemeinden und Umweltvereinigungen sowie sonstigen Dritten Gelegenheit zu einer [&hellip;]\" \/>\n<meta property=\"og:url\" content=\"https:\/\/b29neu.de\/?aktuelles=informelle-beteiligung\" \/>\n<meta property=\"og:site_name\" content=\"B29 NEU\" \/>\n<meta property=\"article:modified_time\" content=\"2023-06-19T08:17:04+00:00\" \/>\n<meta name=\"twitter:card\" content=\"summary_large_image\" \/>\n<meta name=\"twitter:label1\" content=\"Gesch\u00e4tzte Lesezeit\" \/>\n\t<meta name=\"twitter:data1\" content=\"1\u00a0Minute\" \/>\n<script type=\"application\/ld+json\" class=\"yoast-schema-graph\">{\"@context\":\"https:\/\/schema.org\",\"@graph\":[{\"@type\":\"WebPage\",\"@id\":\"https:\/\/b29neu.de\/?aktuelles=informelle-beteiligung\",\"url\":\"https:\/\/b29neu.de\/?aktuelles=informelle-beteiligung\",\"name\":\"Informelle Beteiligung - B29 NEU\",\"isPartOf\":{\"@id\":\"http:\/\/b29neu.de\/#website\"},\"datePublished\":\"2023-06-18T09:24:17+00:00\",\"dateModified\":\"2023-06-19T08:17:04+00:00\",\"breadcrumb\":{\"@id\":\"https:\/\/b29neu.de\/?aktuelles=informelle-beteiligung#breadcrumb\"},\"inLanguage\":\"de\",\"potentialAction\":[{\"@type\":\"ReadAction\",\"target\":[\"https:\/\/b29neu.de\/?aktuelles=informelle-beteiligung\"]}]},{\"@type\":\"BreadcrumbList\",\"@id\":\"https:\/\/b29neu.de\/?aktuelles=informelle-beteiligung#breadcrumb\",\"itemListElement\":[{\"@type\":\"ListItem\",\"position\":1,\"name\":\"Startseite\",\"item\":\"https:\/\/b29neu.de\/\"},{\"@type\":\"ListItem\",\"position\":2,\"name\":\"Aktuelles\",\"item\":\"https:\/\/b29neu.de\/news\"},{\"@type\":\"ListItem\",\"position\":3,\"name\":\"Informelle Beteiligung\"}]},{\"@type\":\"WebSite\",\"@id\":\"http:\/\/b29neu.de\/#website\",\"url\":\"http:\/\/b29neu.de\/\",\"name\":\"B29neu Linienbestimmung R\u00f6ttingen \u2013 N\u00f6rdlingen\",\"description\":\"B29n zwischen R\u00f6ttingen und N\u00f6rdlingen\",\"publisher\":{\"@id\":\"http:\/\/b29neu.de\/#organization\"},\"potentialAction\":[{\"@type\":\"SearchAction\",\"target\":{\"@type\":\"EntryPoint\",\"urlTemplate\":\"http:\/\/b29neu.de\/?s={search_term_string}\"},\"query-input\":{\"@type\":\"PropertyValueSpecification\",\"valueRequired\":true,\"valueName\":\"search_term_string\"}}],\"inLanguage\":\"de\"},{\"@type\":\"Organization\",\"@id\":\"http:\/\/b29neu.de\/#organization\",\"name\":\"B29neu Linienbestimmung R\u00f6ttingen \u2013 N\u00f6rdlingen\",\"url\":\"http:\/\/b29neu.de\/\",\"logo\":{\"@type\":\"ImageObject\",\"inLanguage\":\"de\",\"@id\":\"http:\/\/b29neu.de\/#\/schema\/logo\/image\/\",\"url\":\"https:\/\/b29neu.de\/wp-content\/uploads\/2021\/04\/OAK-Logo.svg\",\"contentUrl\":\"https:\/\/b29neu.de\/wp-content\/uploads\/2021\/04\/OAK-Logo.svg\",\"width\":1,\"height\":1,\"caption\":\"B29neu Linienbestimmung R\u00f6ttingen \u2013 N\u00f6rdlingen\"},\"image\":{\"@id\":\"http:\/\/b29neu.de\/#\/schema\/logo\/image\/\"}}]}<\/script>\n<!-- \/ Yoast SEO plugin. -->","yoast_head_json":{"title":"Informelle Beteiligung - B29 NEU","robots":{"index":"index","follow":"follow","max-snippet":"max-snippet:-1","max-image-preview":"max-image-preview:large","max-video-preview":"max-video-preview:-1"},"canonical":"https:\/\/b29neu.de\/?aktuelles=informelle-beteiligung","og_locale":"de_DE","og_type":"article","og_title":"Informelle Beteiligung - B29 NEU","og_description":"Bei der momentanen Planungsphase der B29 neu handelt es sich um das Linienbestimmungsverfahren. Dieses beinhaltet u.a. die Pr\u00fcfung der Umweltvertr\u00e4glichkeit des Vorhabens in einer fr\u00fchen Phase. Der Tr\u00e4ger des Vorhabens gibt den nach \u00a7 15 Abs. 3 des Gesetzes \u00fcber die Umweltvertr\u00e4glichkeitspr\u00fcfung (UVPG) zu beteiligenden Beh\u00f6rden, Gemeinden und Umweltvereinigungen sowie sonstigen Dritten Gelegenheit zu einer [&hellip;]","og_url":"https:\/\/b29neu.de\/?aktuelles=informelle-beteiligung","og_site_name":"B29 NEU","article_modified_time":"2023-06-19T08:17:04+00:00","twitter_card":"summary_large_image","twitter_misc":{"Gesch\u00e4tzte Lesezeit":"1\u00a0Minute"},"schema":{"@context":"https:\/\/schema.org","@graph":[{"@type":"WebPage","@id":"https:\/\/b29neu.de\/?aktuelles=informelle-beteiligung","url":"https:\/\/b29neu.de\/?aktuelles=informelle-beteiligung","name":"Informelle Beteiligung - B29 NEU","isPartOf":{"@id":"http:\/\/b29neu.de\/#website"},"datePublished":"2023-06-18T09:24:17+00:00","dateModified":"2023-06-19T08:17:04+00:00","breadcrumb":{"@id":"https:\/\/b29neu.de\/?aktuelles=informelle-beteiligung#breadcrumb"},"inLanguage":"de","potentialAction":[{"@type":"ReadAction","target":["https:\/\/b29neu.de\/?aktuelles=informelle-beteiligung"]}]},{"@type":"BreadcrumbList","@id":"https:\/\/b29neu.de\/?aktuelles=informelle-beteiligung#breadcrumb","itemListElement":[{"@type":"ListItem","position":1,"name":"Startseite","item":"https:\/\/b29neu.de\/"},{"@type":"ListItem","position":2,"name":"Aktuelles","item":"https:\/\/b29neu.de\/news"},{"@type":"ListItem","position":3,"name":"Informelle Beteiligung"}]},{"@type":"WebSite","@id":"http:\/\/b29neu.de\/#website","url":"http:\/\/b29neu.de\/","name":"B29neu Linienbestimmung R\u00f6ttingen \u2013 N\u00f6rdlingen","description":"B29n zwischen R\u00f6ttingen und N\u00f6rdlingen","publisher":{"@id":"http:\/\/b29neu.de\/#organization"},"potentialAction":[{"@type":"SearchAction","target":{"@type":"EntryPoint","urlTemplate":"http:\/\/b29neu.de\/?s={search_term_string}"},"query-input":{"@type":"PropertyValueSpecification","valueRequired":true,"valueName":"search_term_string"}}],"inLanguage":"de"},{"@type":"Organization","@id":"http:\/\/b29neu.de\/#organization","name":"B29neu Linienbestimmung R\u00f6ttingen \u2013 N\u00f6rdlingen","url":"http:\/\/b29neu.de\/","logo":{"@type":"ImageObject","inLanguage":"de","@id":"http:\/\/b29neu.de\/#\/schema\/logo\/image\/","url":"https:\/\/b29neu.de\/wp-content\/uploads\/2021\/04\/OAK-Logo.svg","contentUrl":"https:\/\/b29neu.de\/wp-content\/uploads\/2021\/04\/OAK-Logo.svg","width":1,"height":1,"caption":"B29neu Linienbestimmung R\u00f6ttingen \u2013 N\u00f6rdlingen"},"image":{"@id":"http:\/\/b29neu.de\/#\/schema\/logo\/image\/"}}]}},"_links":{"self":[{"href":"https:\/\/b29neu.de\/index.php?rest_route=\/wp\/v2\/aktuelles\/3557","targetHints":{"allow":["GET"]}}],"collection":[{"href":"https:\/\/b29neu.de\/index.php?rest_route=\/wp\/v2\/aktuelles"}],"about":[{"href":"https:\/\/b29neu.de\/index.php?rest_route=\/wp\/v2\/types\/aktuelles"}],"version-history":[{"count":15,"href":"https:\/\/b29neu.de\/index.php?rest_route=\/wp\/v2\/aktuelles\/3557\/revisions"}],"predecessor-version":[{"id":3625,"href":"https:\/\/b29neu.de\/index.php?rest_route=\/wp\/v2\/aktuelles\/3557\/revisions\/3625"}],"wp:attachment":[{"href":"https:\/\/b29neu.de\/index.php?rest_route=%2Fwp%2Fv2%2Fmedia&parent=3557"}],"wp:term":[{"taxonomy":"category","embeddable":true,"href":"https:\/\/b29neu.de\/index.php?rest_route=%2Fwp%2Fv2%2Fcategories&post=3557"},{"taxonomy":"post_tag","embeddable":true,"href":"https:\/\/b29neu.de\/index.php?rest_route=%2Fwp%2Fv2%2Ftags&post=3557"}],"curies":[{"name":"wp","href":"https:\/\/api.w.org\/{rel}","templated":true}]}}

<div data-elementor-type="wp-post" data-elementor-id="3557" class="elementor elementor-3557" data-elementor-post-type="aktuelles">
						<section class="elementor-section elementor-top-section elementor-element elementor-element-109a3f8a elementor-section-boxed elementor-section-height-default elementor-section-height-default" data-id="109a3f8a" data-element_type="section" data-e-type="section">
						<div class="elementor-container elementor-column-gap-default">
					<div class="elementor-column elementor-col-100 elementor-top-column elementor-element elementor-element-61039f3a" data-id="61039f3a" data-element_type="column" data-e-type="column">
			<div class="elementor-widget-wrap elementor-element-populated">
						<div class="elementor-element elementor-element-176df4bf elementor-widget elementor-widget-text-editor" data-id="176df4bf" data-element_type="widget" data-e-type="widget" data-widget_type="text-editor.default">
				<div class="elementor-widget-container">
									<p></p>
<p>Bei der momentanen Planungsphase der B29 neu handelt es sich um das Linienbestimmungsverfahren. Dieses beinhaltet u.a. die Prüfung der Umweltverträglichkeit des Vorhabens in einer frühen Phase. Der Träger des Vorhabens gibt den nach § 15 Abs. 3 des Gesetzes über die Umweltverträglichkeitsprüfung (UVPG) zu beteiligenden Behörden, Gemeinden und Umweltvereinigungen sowie sonstigen Dritten Gelegenheit zu einer gemeinsamen Besprechung über Art und Umfang der Unterlagen, die sich auf Gegenstand, Umfang und Methoden der Umweltverträglichkeitsprüfung erstrecken sollen (Scoping-Termin). Im Rahmen dieses Termins können auch sonstige für die Durchführung der Umweltverträglichkeitsprüfung erhebliche Fragen besprochen werden. Der Scoping-Bericht und die dazugehörigen Unterlagen, die einen ersten Vorschlag auf Basis der geltenden Gesetzeslage darstellen, können nachstehend heruntergeladen werden.<br />Bisher wurde noch keine konkreten Trassenführungen der B29 neu festgelegt. Auch im Rahmen des Scoping-Termins werden keine Varianten oder Trassen diskutiert. Es geht lediglich um die Abstimmung von Methoden und Umfang der Umweltverträglichkeitsprüfung.</p>
<p>Die Scoping-Unterlagen können Sie <strong><a href="https://b29neu.de/planung/scoping-Termin">hier herunterladen</a></strong>.</p>
<p></p>								</div>
				</div>
					</div>
		</div>
					</div>
		</section>
				</div>

<!-- This site is optimized with the Yoast SEO plugin v27.1.1 - https://yoast.com/product/yoast-seo-wordpress/ -->
<title>Informelle Beteiligung - B29 NEU</title>
<meta name="robots" content="index, follow, max-snippet:-1, max-image-preview:large, max-video-preview:-1" />
<link rel="canonical" href="https://b29neu.de/?aktuelles=informelle-beteiligung" />
<meta property="og:locale" content="de_DE" />
<meta property="og:type" content="article" />
<meta property="og:title" content="Informelle Beteiligung - B29 NEU" />
<meta property="og:description" content="Bei der momentanen Planungsphase der B29 neu handelt es sich um das Linienbestimmungsverfahren. Dieses beinhaltet u.a. die Prüfung der Umweltverträglichkeit des Vorhabens in einer frühen Phase. Der Träger des Vorhabens gibt den nach § 15 Abs. 3 des Gesetzes über die Umweltverträglichkeitsprüfung (UVPG) zu beteiligenden Behörden, Gemeinden und Umweltvereinigungen sowie sonstigen Dritten Gelegenheit zu einer [&hellip;]" />
<meta property="og:url" content="https://b29neu.de/?aktuelles=informelle-beteiligung" />
<meta property="og:site_name" content="B29 NEU" />
<meta property="article:modified_time" content="2023-06-19T08:17:04+00:00" />
<meta name="twitter:card" content="summary_large_image" />
<meta name="twitter:label1" content="Geschätzte Lesezeit" />
	<meta name="twitter:data1" content="1 Minute" />
<script type="application/ld+json" class="yoast-schema-graph">{"@context":"https://schema.org","@graph":[{"@type":"WebPage","@id":"https://b29neu.de/?aktuelles=informelle-beteiligung","url":"https://b29neu.de/?aktuelles=informelle-beteiligung","name":"Informelle Beteiligung - B29 NEU","isPartOf":{"@id":"http://b29neu.de/#website"},"datePublished":"2023-06-18T09:24:17+00:00","dateModified":"2023-06-19T08:17:04+00:00","breadcrumb":{"@id":"https://b29neu.de/?aktuelles=informelle-beteiligung#breadcrumb"},"inLanguage":"de","potentialAction":[{"@type":"ReadAction","target":["https://b29neu.de/?aktuelles=informelle-beteiligung"]}]},{"@type":"BreadcrumbList","@id":"https://b29neu.de/?aktuelles=informelle-beteiligung#breadcrumb","itemListElement":[{"@type":"ListItem","position":1,"name":"Startseite","item":"https://b29neu.de/"},{"@type":"ListItem","position":2,"name":"Aktuelles","item":"https://b29neu.de/news"},{"@type":"ListItem","position":3,"name":"Informelle Beteiligung"}]},{"@type":"WebSite","@id":"http://b29neu.de/#website","url":"http://b29neu.de/","name":"B29neu Linienbestimmung Röttingen – Nördlingen","description":"B29n zwischen Röttingen und Nördlingen","publisher":{"@id":"http://b29neu.de/#organization"},"potentialAction":[{"@type":"SearchAction","target":{"@type":"EntryPoint","urlTemplate":"http://b29neu.de/?s={search_term_string}"},"query-input":{"@type":"PropertyValueSpecification","valueRequired":true,"valueName":"search_term_string"}}],"inLanguage":"de"},{"@type":"Organization","@id":"http://b29neu.de/#organization","name":"B29neu Linienbestimmung Röttingen – Nördlingen","url":"http://b29neu.de/","logo":{"@type":"ImageObject","inLanguage":"de","@id":"http://b29neu.de/#/schema/logo/image/","url":"https://b29neu.de/wp-content/uploads/2021/04/OAK-Logo.svg","contentUrl":"https://b29neu.de/wp-content/uploads/2021/04/OAK-Logo.svg","width":1,"height":1,"caption":"B29neu Linienbestimmung Röttingen – Nördlingen"},"image":{"@id":"http://b29neu.de/#/schema/logo/image/"}}]}</script>
<!-- / Yoast SEO plugin. -->

Bei der momentanen Planungsphase der B29 neu handelt es sich um das Linienbestimmungsverfahren. Dieses beinhaltet u.a. die Prüfung der Umweltverträglichkeit des Vorhabens in einer frühen Phase. Der Träger des Vorhabens gibt den nach § 15 Abs. 3 des Gesetzes über die Umweltverträglichkeitsprüfung (UVPG) zu beteiligenden Behörden, Gemeinden und Umweltvereinigungen sowie sonstigen Dritten Gelegenheit zu einer [&hellip;]

B29neu Linienbestimmung Röttingen – Nördlingen

B29n zwischen Röttingen und Nördlingen
